is the tens digit of 587403?
0
What is the units digit of 5839430?
0
What is the units digit of 125731?
1
What is the ten millions digit of 10302657?
1
What is the millions digit of 1358031?
1
What is the tens digit of 540335?
3
What is the ten thousands digit of 2392532?
9
What is the units digit of 17377198?
8
What is the tens digit of 3837448?
4
What is the millions digit of 3666356?
3
What is the tens digit of 867690?
9
What is the hundred thousands digit of 4358819?
3
What is the units digit of 813224?
4
What is the tens digit of 17627?
2
What is the hundred thousands digit of 1038059?
0
What is the hundreds digit of 522249?
2
What is the thousands digit of 350193?
0
What is the hundreds digit of 678549?
5
What is the tens digit of 554618?
1
What is the units digit of 3111946?
6
What is the thousands digit of 2952683?
2
What is the ten thousands digit of 2238775?
3
What is the hundreds digit of 1104314?
3
What is the hundred thousands digit of 4280375?
2
What is the hundreds digit of 6385159?
1
What is the hundreds digit of 473105?
1
What is the hundreds digit of 5859578?
5
What is the tens digit of 3349880?
8
What is the thousands digit of 243291?
3
What is the thousands digit of 2583112?
3
What is the hundred thousands digit of 595989?
5
What is the units digit of 103242?
2
What is the tens digit of 824736?
3
What is the tens digit of 109678?
7
What is the thousands digit of 176466?
6
What is the hundred thousands digit of 1497723?
4
What is the units digit of 305915?
5
What is the millions digit of 4450859?
4
What is the units digit of 389175?
5
What is the hundred thousands digit of 278587?
2
What is the ten thousands digit of 1404101?
0
What is the tens digit of 260428?
2
What is the units digit of 818001?
1
What is the hundred thousands digit of 838610?
8
What is the hundreds digit of 761738?
7
What is the hundreds digit of 1360265?
2
What is the units digit of 81536?
6
What is the tens digit of 2096815?
1
What is the tens digit of 24673959?
5
What is the thousands digit of 9980615?
0
What is the hundred thousands digit of 23912276?
9
What is the units digit of 15551404?
4
What is the hundreds digit of 461960?
9
What is the thousands digit of 59417?
9
What is the units digit of 315780?
0
What is the tens digit of 33628?
2
What is the ten thousands digit of 9343386?
4
What is the tens digit of 601538?
3
What is the millions digit of 1499734?
1
What is the millions digit of 23231210?
3
What is the hundred thousands digit of 590241?
5
What is the thousands digit of 139739?
9
What is the hundred thousands digit of 279133?
2
What is the hundreds digit of 213363?
3
What is the units digit of 4569764?
4
What is the hundreds digit of 67991?
9
What is the thousands digit of 513495?
3
What is the hundred thousands digit of 143963?
1
What is the millions digit of 13698625?
3
What is the units digit of 1701658?
8
What is the tens digit of 61866?
6
What is the thousands digit of 558234?
8
What is the ten thousands digit of 130763?
3
What is the thousands digit of 133004?
3
What is the units digit of 121337?
7
What is the units digit of 2463106?
6
What is the thousands digit of 1532647?
2
What is the hundred thousands digit of 650353?
6
What is the ten thousands digit of 648262?
4
What is the hundred thousands digit of 405179?
4
What is the tens digit of 20259137?
3
What is the hundred thousands digit of 922555?
9
What is the tens digit of 5213930?
3
What is the ten thousands digit of 4079150?
7
What is the ten thousands digit of 114062?
1
What is the hundreds digit of 2150295?
2
What is the hundreds digit of 136690?
6
What is the hundreds digit of 177197?
1
What is the units digit of 124542?
2
What is the thousands digit of 11675240?
5
What is the hundreds digit of 227492?
4
What is the units digit of 1293057?
7
What is the millions digit of 18887761?
8
What is the hundreds digit of 225361?
3
What is the thousands digit of 244116?
4
What is the millions digit of 17891608?
7
What is the hundreds digit of 3003550?
5
What is the hundreds digit of 416611?
6
What is the units digit of 1533848?
8
What is the hundreds digit of 9923423?
4
What is the hundred thousands digit of 3522167?
5
What is the ten thousands digit of 335782?
3
What is the ten millions digit of 16641010?
1
What is the hundred thousands digit of 440097?
4
What is the hundreds digit of 518106?
1
What is the tens digit of 37395?
9
What is the hundred thousands digit of 25339243?
3
What is the units digit of 1158397?
7
What is the thousands digit of 447077?
7
What is the tens digit of 393279?
7
What is the ten millions digit of 27940299?
2
What is the ten thousands digit of 23686601?
8
What is the ten thousands digit of 491993?
9
What is the ten thousands digit of 325171?
2
What is the units digit of 1606165?
5
What is the thousands digit of 10001829?
1
What is the hundred thousands digit of 525541?
5
What is the thousands digit of 4526050?
6
What is the hundreds digit of 107776?
7
What is the thousands digit of 5588076?
8
What is the thousands digit of 237137?
7
What is the ten thousands digit of 7500040?
0
What is the ten thousands digit of 14603?
1
What is the thousands digit of 382595?
2
What is the hundred thousands digit of 1148231?
1
What is the ten thousands digit of 1857462?
5
What is the hundreds digit of 216256?
2
What is the units digit of 16539353?
3
What is the thousands digit of 1824488?
4
What is the millions digit of 4293749?
4
What is the ten thousands digit of 31992?
3
What is the tens digit of 343168?
6
What is the ten thousands digit of 20666644?
6
What is the hundred thousands digit of 180762?
1
What is the hundred thousands digit of 209824?
2
What is the thousands digit of 170657?
0
What is the units digit of 92033?
3
What is the millions digit of 28451766?
8
What is the ten thousands digit of 1246578?
4
What is the units digit of 102521?
1
What is the millions digit of 4460473?
4
What is the hundreds digit of 26320450?
4
What is the tens digit of 121371?
7
What is the hundred thousands digit of 669618?
6
What is the tens digit of 13014541?
4
What is the hundreds digit of 350091?
0
What is the millions digit of 11020432?
1
What is the tens digit of 512551?
5
What is the millions digit of 25548816?
5
What is the units digit of 11616839?
9
What is the hundreds digit of 832074?
0
What is the thousands digit of 5152502?
2
What is the ten thousands digit of 263460?
6
What is the hundreds digit of 5657685?
6
What is the ten thousands digit of 3123426?
2
What is the tens digit of 3379?
7
What is the thousands digit of 3202865?
2
What is the ten millions digit of 12900279?
1
What is the ten thousands digit of 130937?
3
What is the ten thousands digit of 430674?
3
What is the units digit of 95599?
9
What is the ten thousands digit of 1512296?
1
What is the units digit of 240164?
4
What is the tens digit of 2945184?
8
What is the units digit of 13616650?
0
What is the ten thousands digit of 307477?
0
What is the ten millions digit of 21930050?
2
What is the thousands digit of 4174574?
4
What is the hundred thousands digit of 1453373?
4
What is the tens digit of 1013723?
2
What is the thousands digit of 6322381?
2
What is the units digit of 430368?
8
What is the millions digit of 1724051?
1
What is the thousands digit of 1037432?
7
What is the units digit of 884252?
2
What is the tens digit of 353394?
9
What is the ten thousands digit of 3984211?
8
What is the ten thousands digit of 1608921?
0
What is the thousands digit of 580544?
0
What is the thousands digit of 11790937?
0
What is the hundreds digit of 13300?
3
What is the ten millions digit of 16427646?
1
What is the hundred thousands digit of 349783?
3
What is the ten thousands digit of 29320912?
2
What is the ten thousands digit of 220164?
2
What is the thousands digit of 16552?
6
What is the tens digit of 26019709?
0
What is the ten thousands digit of 6658343?
5
What is the units digit of 558096?
6
What is the millions digit of 4434919?
4
What is the tens digit of 571624?
2
What is the units digit of 1913331?
1
What is the tens digit of 806820?
2
What is the tens digit of 1207943?
4
What is the ten thousands digit of 20255227?
5
What is the hundred thousands digit of 34954933?
9
What is the hundred thousands digi